n be (43 + -3)*1/l. What is the greatest common divisor of 30 and n?
10
Suppose -4*t = 5*l - 105, 0 = 4*t - 3*l - 65 - 0. What is the greatest common factor of t and 210?
10
Suppose -121 + 1 = -6*n. Let d be (-1 + 7)*(-2)/(-4). Suppose 4*o + i - 118 = 0, -d*o + 80 = i + 4*i. Calculate the greatest common factor of n and o.
10
Suppose 23*n + 5*n - 4704 = 0. What is the highest common divisor of 63 and n?
21
Let w(j) = j + 17. Let p be w(-5). Let z = p + -8. Suppose 2*k = -3*u + 87, z*k - 2*u - 17 = 181. What is the greatest common factor of 6 and k?
6
Suppose 0 = -2*l - 4 + 22. Suppose 0 = -k - 2*j + 5, -k - 2*k - 5*j + 15 = 0. Suppose 0 = k*w - 8*w + 27. What is the greatest common factor of w and l?
9
Let d(w) = 2*w**2 + 2*w + 3. Let g be d(-3). Suppose -3*o - 1044 = -g*o. Calculate the greatest common divisor of o and 58.
29
Let a be (98/(-21))/((-2)/12). Calculate the greatest common factor of 224 and a.
28
Let g = -17 - -26. Let t be (-3)/g - (-1298)/6. Let p = 148 + -124. Calculate the highest common divisor of t and p.
24
Let k(b) = -2*b + 0 + 4*b**2 + 3 + 0 + 13*b - b**3. Let c be k(-9). Suppose -c = -6*r - 165. Calculate the highest common factor of 33 and r.
33
Let a(v) = 7*v**2 + 119*v + 26. Let q be a(-18). What is the greatest common factor of q and 8?
8
Let b = 42 + -39. Suppose 5*u + 138 = 4*g, -b*g - 2*u + 165 = 50. What is the highest common factor of g and 37?
37
Suppose -4*j - 374 = -2*h + 220, -2*j - 282 = 2*h. Let v = j + 156. Calculate the highest common factor of v and 1.
1
Let w = 91 - 63. Suppose 5*j + w = -2*n, n - 6*j - 16 = -j. Let u be 2 - 616/n - -4. Calculate the highest common divisor of 16 and u.
16
Suppose 30*f = 24*f + 12864. What is the highest common factor of 67 and f?
67
Let s(q) = 50*q + 50. Let m be s(2). What is the highest common factor of m and 90?
30
Let f(i) = -29*i**3 + 5*i**2 + 3*i + 1. Let v = 14 + -17. Let j be f(v). Let o be (-4)/(-5) + j/100. What is the greatest common factor of o and 81?
9
Suppose 3*u - t = u + 218, 4 = 2*t. Suppose 0 = 4*d - 6*d + 20. Calculate the highest common factor of d and u.
10
Let x(q) = q**2 + 5*q + 7. Let t(a) = -2*a + 8. Let w be t(7). Let c be x(w). Let j be (-6)/(c/(-10) - -1). Calculate the highest common factor of 10 and j.
10
Let l = 52 + -45. Suppose -l = -4*a + 29. What is the greatest common factor of a and 99?
9
Suppose -c = 2*x - 260, -5*x + c + 650 = 4*c. What is the highest common factor of x and 455?
65
Suppose -3*h + g = -151 + 48, -5*g - 165 = -5*h. What is the highest common divisor of 7 and h?
7
Let r be ((-1792)/6)/((-9)/54). Suppose 4*i = 12*i - r. What is the highest common factor of i and 16?
16
Let t(o) = -2*o**2 - 32*o - 5. Let j be t(-5). Calculate the highest common factor of 35 and j.
35
Let j = 981 - -555. What is the highest common factor of 72 and j?
24
Suppose -a + 1 = -5*s, -a - 4*s + 1 = -7*s. Let y be 4 + 9/(0 + a). Calculate the greatest common divisor of y and 26.
13
Suppose -4*s + 34 + 50 = 0. Let w = s - -4. Calculate the greatest common divisor of w and 5.
5
Let f be 1755/54 + 3/6. Suppose -2*z - 84 = -2*u, 3 + 7 = 5*z. Calculate the highest common divisor of f and u.
11
Let z = -22 - -24. Suppose -6*q = -z*q - 20. Suppose c = q + 4. What is the greatest common factor of 27 and c?
9
Let t be -18*(-4)/(-16)*2. Suppose 0 = a + 2*l - 27 + 97, -3*l = 2*a + 141. Let h be (9*t)/(27/a). What is the highest common factor of h and 24?
24
Let d(b) = b**3 + 10*b**2 - 25*b + 21. Let v be d(-12). Calculate the highest common divisor of 11 and v.
11
Let k(s) = 636*s**3 + 3*s**2 + 2*s - 5. Let y be k(1). What is the greatest common divisor of 12 and y?
12
Let u(k) = 14*k + 513. Let v be u(-36). Calculate the greatest common divisor of 873 and v.
9
Let v = -17 + 20. Suppose -v*k - 24 = -2*w - 6, -4*k + w - 19 = 0. Let o be k/2*15/(-6). Calculate the greatest common factor of o and 1.
1
Suppose -3*z - 144 = 4*b, -3*b + 4*z = -0*b + 133. Let f = b + 59. What is the highest common factor of f and 4?
4
Let f(l) = -21*l + 5*l**2 - 9*l**3 + l**2 - 11 + 10*l**3. Let p be f(-8). What is the highest common divisor of p and 58?
29
Suppose 2*m + 0*m + 34 = 4*x, -3*x + 45 = 5*m. Let f = -17 - -37. What is the greatest common factor of x and f?
10
Suppose 2*g - 1241 = -4*x + 63, 0 = x + 3*g - 336. Calculate the greatest common divisor of x and 1188.
108
Let k = -127 - -187. Let i = k - 40. Calculate the highest common divisor of 10 and i.
10
Let z = -9 + 33. Let p = 265 + -241. What is the greatest common factor of p and z?
24
Suppose -2*i + 4*n = -0*i - 56, 34 = 3*i + 4*n. Suppose -4*d + 133 = -11. Calculate the greatest common divisor of i and d.
18
Suppose 15*j = 3569 - 1109. What is the greatest common factor of 41 and j?
41
Let j be (-2 - 58)*(-10)/(-25). Let a = 26 + j. What is the greatest common divisor of a and 2?
2
Suppose -49 = 3*z - 58. Suppose 2*j + 3*r = 5*j - 60, r = -5*j + 70. What is the highest common factor of z and j?
3
Suppose 0 = 8*u - 5*u + 5*p - 118, -5*u + 222 = 2*p. What is the greatest common factor of 253 and u?
23
Suppose 230*p - 233*p + 324 = 0. Let w = 7 - 8. Let q be (2 - 0)/(w/(-6)). Calculate the greatest common divisor of q and p.
12
Let l = 2690 + -1046. What is the highest common factor of 12 and l?
12
Let v = -20 + 26. Suppose -v*h - 12 = -8*h. Let z be 3 + (3 + 1)*h. What is the highest common factor of 9 and z?
9
Suppose 15*a - 200 = 5*a. Calculate the greatest common divisor of 1340 and a.
20
Let d = 109 - -34. Let r = 40 + -27. What is the highest common divisor of d and r?
13
Suppose -45 = -5*s - x, x - 6*x = -25. What is the greatest common divisor of 200 and s?
8
Suppose -2*l + 3*l = 5. Suppose -l*g = -3*t + t - 102, -1 = t. Let y = 5 + 35. Calculate the greatest common factor of g and y.
20
Suppose -629*a + 240 = -627*a. Calculate the greatest common divisor of a and 90.
30
Let j = 22 + 46. Let m = j + -48. Calculate the highest common divisor of m and 40.
20
Let f(q) = 4*q + 173. Let g be f(-32). Calculate the highest common factor of g and 9.
9
Suppose -5*f = 6*f - 44. Suppose f*q = 14*q - 680. What is the greatest common divisor of q and 102?
34
Suppose 0 = 7*o - 6*o + 9. Let z be -3*o/((-135)/(-70)). Let r(d) = d**3 - 13*d**2 + 6*d - 10. Let t be r(z). What is the highest common divisor of 30 and t?
30
Suppose 10*s = 11*s + 38. Let j = s + 50. What is the greatest common divisor of j and 12?
12
Let m = 46 - 165. Let y = 126 + m. What is the highest common factor of 91 and y?
7
Suppose 4*c - 5286 = -2*w, 12*c = 11*c - w + 1320. What is the greatest common divisor of 27 and c?
27
Let u(r) = -r**3 - r**2 + 141. Let h be u(0). Let j = h - 72. Calculate the greatest common factor of 23 and j.
23
Suppose 387 - 1147 = -8*j. Calculate the greatest common factor of j and 19.
19
Suppose -3*d - 150 = -0*d. Let f = d - -61. What is the greatest common factor of f and 77?
11
Suppose -14*r + 84 = -2*r. Suppose -175 - 63 = -r*j. Calculate the greatest common divisor of j and 102.
34
Suppose 14*k + 265 = d + 15*k, -d + 255 = 3*k. Calculate the highest common factor of d and 40.
10
Let r = 3237 + -3227. What is the greatest common factor of 860 and r?
10
Suppose 0 = -5*h + 133 - 103. Calculate the highest common factor of h and 60.
6
Let n be 39/(-2)*(-1 - 14/6). Suppose -3 = n*a - 68*a. Calculate the highest common factor of 5 and a.
1
Suppose 500 = 3*o - 13*o. Let c = o - -64. Calculate the greatest common divisor of c and 14.
14
Let c(y) = y**3 + 8*y**2 + 16. Let x be c(-4). Calculate the highest common divisor of x and 440.
40
Let x = 4 - -7. Let l(c) = 2*c**2 - 13*c + 15. Let b be l(7). Calculate the highest common divisor of x and b.
11
Let t(x) = 10*x. Let r be t(12). Let y be ((-5)/10)/(2/(-60)). Calculate the greatest common factor of r and y.
15
Let w(n) = -n + 24. Let x be w(0). Suppose -5*c - 2*z + 202 = 0, -2*c + 164*z - 167*z = -83. Calculate the highest common divisor of x and c.
8
Let d be (-58)/1*24/16. Let k = -59 - d. What is the greatest common divisor of k and 42?
14
Let v(h) = 9*h**2 - 3*h - 4. Let b be v(4). Suppose -11*u + 240 = 4*u. What is the greatest common divisor of b and u?
16
Let x = 74 + -31. What is the highest common divisor of x and 2537?
43
Suppose 3*n - 124 = -n. Let h = n - 9. L